remainder when 1633170 is divided by 136080?
210
What is the remainder when 65550897 is divided by 188?
185
Calculate the remainder when 5359 is divided by 133.
39
Calculate the remainder when 13782705 is divided by 199.
164
Calculate the remainder when 766 is divided by 408.
358
What is the remainder when 564896 is divided by 166?
164
What is the remainder when 1418508 is divided by 34?
28
What is the remainder when 25216073 is divided by 24?
17
What is the remainder when 1507638 is divided by 62804?
342
Calculate the remainder when 3566067 is divided by 122.
7
What is the remainder when 19926682 is divided by 11?
6
Calculate the remainder when 1883825 is divided by 2570.
15
What is the remainder when 82535786 is divided by 247?
242
What is the remainder when 1288807 is divided by 107385?
187
What is the remainder when 2871449 is divided by 2871221?
228
Calculate the remainder when 3757628 is divided by 5360.
268
What is the remainder when 7826384 is divided by 1995?
1994
What is the remainder when 3540627 is divided by 13?
12
What is the remainder when 440471 is divided by 271?
96
Calculate the remainder when 107436 is divided by 17886.
120
What is the remainder when 511636 is divided by 256?
148
Calculate the remainder when 315364 is divided by 77961.
3520
What is the remainder when 5384673 is divided by 336542?
1
What is the remainder when 26231972 is divided by 59081?
8
Calculate the remainder when 6145766 is divided by 111.
29
Calculate the remainder when 1973274 is divided by 514.
28
Calculate the remainder when 5490588 is divided by 1146.
102
Calculate the remainder when 3823894 is divided by 6757.
6189
What is the remainder when 11015422 is divided by 1327?
1322
Calculate the remainder when 13303897 is divided by 3982.
35
What is the remainder when 6130570 is divided by 3047?
6
What is the remainder when 53377 is divided by 51634?
1743
Calculate the remainder when 499587 is divided by 64.
3
What is the remainder when 9112535 is divided by 6003?
5984
What is the remainder when 2598583 is divided by 66?
31
Calculate the remainder when 1046238 is divided by 59.
50
Calculate the remainder when 110779659 is divided by 36926531.
66
What is the remainder when 5488500 is divided by 2744221?
58
Calculate the remainder when 144873732 is divided by 223.
221
What is the remainder when 210054 is divided by 42010?
4
Calculate the remainder when 2305114 is divided by 289.
50
Calculate the remainder when 541609 is divided by 3367.
2889
Calculate the remainder when 100053 is divided by 49855.
343
What is the remainder when 52526109 is divided by 129694?
39
Calculate the remainder when 15677612 is divided by 57.
47
What is the remainder when 1449258 is divided by 311?
309
What is the remainder when 618263 is divided by 146?
99
What is the remainder when 4923028 is divided by 17?
15
Calculate the remainder when 14624451 is divided by 2331.
2088
What is the remainder when 38383481 is divided by 7676691?
26
What is the remainder when 37258 is divided by 41?
30
Calculate the remainder when 109873 is divided by 204.
121
Calculate the remainder when 146452360 is divided by 20095.
0
Calculate the remainder when 325393 is divided by 8335.
328
What is the remainder when 1100872 is divided by 403?
279
What is the remainder when 5081343 is divided by 112913?
258
Calculate the remainder when 111505 is divided by 2937.
2836
What is the remainder when 3834145 is divided by 23?
22
Calculate the remainder when 28577603 is divided by 3278.
3277
What is the remainder when 9862558 is divided by 467?
452
Calculate the remainder when 2905996 is divided by 297.
148
Calculate the remainder when 337096 is divided by 2325.
2296
Calculate the remainder when 23422387 is divided by 14862.
14737
Calculate the remainder when 173371 is divided by 4025.
296
Calculate the remainder when 4967773 is divided by 3890.
243
What is the remainder when 62203798 is divided by 592?
582
Calculate the remainder when 4319708 is divided by 318.
314
Calculate the remainder when 36173148 is divided by 89.
77
Calculate the remainder when 893252 is divided by 252.
164
Calculate the remainder when 173279 is divided by 57653.
320
Calculate the remainder when 68478 is divided by 1033.
300
Calculate the remainder when 3876072 is divided by 1939.
11
What is the remainder when 2585466 is divided by 1131?
0
Calculate the remainder when 318207 is divided by 159081.
45
What is the remainder when 446593509 is divided by 22?
21
Calculate the remainder when 739257 is divided by 28432.
25
Calculate the remainder when 2050628 is divided by 228.
224
Calculate the remainder when 190481 is divided by 607.
490
Calculate the remainder when 151733394 is divided by 2779.
2773
What is the remainder when 59750 is divided by 59462?
288
Calculate the remainder when 45538284 is divided by 1290.
1284
What is the remainder when 659555 is divided by 50735?
0
Calculate the remainder when 2493249 is divided by 5.
4
Calculate the remainder when 855722 is divided by 174.
164
What is the remainder when 50628699 is divided by 28?
23
What is the remainder when 411145 is divided by 127?
46
Calculate the remainder when 10417619 is divided by 3323.
14
What is the remainder when 41593889 is divided by 1889?
1887
What is the remainder when 121529 is divided by 994?
261
Calculate the remainder when 1095684 is divided by 121742.
6
Calculate the remainder when 765527 is divided by 560.
7
Calculate the remainder when 13819435 is divided by 164517.
7
Calculate the remainder when 7174067 is divided by 9.
5
What is the remainder when 867155 is divided by 61804?
1899
Calculate the remainder when 81777 is divided by 750.
27
What is the remainder when 653306 is divided by 419?
85
Calculate the remainder when 5175489 is divided by 2888.
193
What is the remainder when 7930 is divided by 820?
550
Calculate the remainder when 4110182 is divided by 18.
8
What is the remainder when 185190 is divided by 4495?
895
Calculate the remainder when 257573 is divided by 85765.
278
Calculate the remainder when 146137 is divided by 5989.
2401
What is the remainder when 10523 is divided by 3463?
134
Calculate the remainder when 1302512 is divided by 651253.
6
Calculate the remainder when 2662270 is divided by 57875.
20
Calculate the remainder when 75185 is divided by 75109.
76
Calculate the remainder when 30705 is divided by 15312.
81
What is the remainder when 54382375 is divided by 27191167?
41
What is the remainder when 37870 is divided by 210?
70
What is the remainder when 32222252 is divided by 236?
228
Calculate the remainder when 390681 is divided by 43371.
342
Calculate the remainder when 2497042 is divided by 278.
46
Calculate the remainder when 5964110 is divided by 17593.
83
Calculate the remainder when 154464 is divided by 7975.
2939
What is the remainder when 199102 is divided by 4057?
309
What is the remainder when 65454 is divided by 180?
114
Calculate the remainder when 1935622 is divided by 9045.
9037
What is the remainder when 1496201 is divided by 11862?
1589
What is the remainder when 19678493 is divided by 1500?
1493
What is the remainder when 21899086 is divided by 48?
46
Calculate the remainder when 82959 is divided by 198.
195
What is the remainder when 35808010 is divided by 4800?
10
What is the remainder when 411300935 is divided by 2163?
2159
Calculate the remainder when 1506220 is divided by 31.
23
What is the remainder when 6288886 is divided by 1478?
1474
What is the remainder when 36566 is divided by 464?
374
Calculate the remainder when 469702 is divided by 250.
202
What is the remainder when 54341 is divided by 13064?
2085
Calculate the remainder when 23966733 is divided by 102.
99
Calculate the remainder when 1385423 is divided by 1002.
659
Calculate the remainder when 665192 is divided by 4525.
17
What is the remainder when 16020266 is divided by 2210?
2186
What is the remainder when 10267892 is divided by 7?
5
Calculate the remainder when 104460 is divided by 451.
279
What is the remainder when 666705 is divided by 997?
709
Calculate the remainder when 743070 is divided by 199.
4
What is the remainder when 865385 is divided by 18018?
521
Calculate the remainder when 3363854 is divided by 258754.
52
What is the remainder when 8376